- 11653. Is j prime?
False
Suppose -r - 286 = -2*c, 5 - 565 = -4*c - 4*r. Is c composite?
True
Let c(n) = -2*n - 7. Let q be c(-6). Suppose q*i - 78 = -8. Is i composite?
True
Let s(x) = -2*x - 3. Let a be s(-2). Suppose 3*y - 2*n = 3*n - 19, 0 = n + a. Let h = 23 - y. Is h a prime number?
True
Suppose 0 = -4*j - 3*k - 46, 3*j - 4*k + 32 = -j. Let b = 47 - j. Is b a composite number?
True
Suppose -2*p = -52 - 66. Is p a prime number?
True
Let x(j) = 3*j - 2. Let z be x(2). Suppose 5*v + 445 = 4*p, z*v + 3 = v. Let d = -73 + p. Is d a composite number?
False
Let x be (-8)/36 + (-176)/18. Is 44/2*(-15)/x prime?
False
Suppose 3*c = 11303 - 3641. Is c prime?
False
Let n(l) = 14*l. Let x be n(-1). Let d = 25 + x. Is d a composite number?
False
Suppose -7*v = -10*v + 1329. Is v a prime number?
True
Suppose 3*t + 0 = 2*p + 12, -4*t - 5*p + 16 = 0. Suppose -5*a - t*u = -25, 2*a - 10 = -5*u + 4*u. Let j(r) = 2*r**3 - 7*r**2 + r + 7. Is j(a) composite?
True
Let o(f) = -13*f + 1. Let x(g) = -g. Let b(m) = -o(m) - 2*x(m). Let t(r) = -r**2 - 4*r - 2. Let d be t(-3). Is b(d) a composite number?
True
Let c(i) = 1414*i**3 + i**2 - 2*i + 2. Is c(1) a composite number?
True
Let y(z) = z - 5. Let w be y(10). Suppose 16 - 1 = 3*p. Suppose p*g = 20, -4*g - 2 = -w*t + 17. Is t a prime number?
True
Let j = -1 - -1. Let i(g) = g + 8. Let h be i(j). Let v = 11 + h. Is v a composite number?
False
Let i = 207 - 130. Is i a prime number?
False
Let p be (-2)/12 - (-51)/(-18). Is (p/6)/(1/(-382)) a composite number?
False
Suppose -k + 3*g + 812 = 0, -4*g - 1622 = k - 3*k. Is k prime?
True
Let l(n) = 6*n**2 + 6*n + 37. Is l(15) a prime number?
False
Let x(j) = -j**3 + 6*j**2 + j + 8. Let u be x(6). Suppose -17*q = -u*q - 177. Is q a prime number?
True
Let h(a) = a + 2. Let k be h(-5). Is (k - 0)/(-3) + 22 composite?
False
Let k = 6 + -1. Suppose -k*q - 4*d = -727, 5*d + 186 + 371 = 4*q. Is q composite?
True
Let t be (-14)/(-4) + (-2)/4. Suppose -n - t*n = -8. Suppose n*m + 0*m + 14 = 4*x, -4*m = 5*x - 37. Is m a prime number?
True
Let g(j) = -18*j + 1. Let n = 4 - 5. Let l be g(n). Is l*(-3)/(-4 + 1) a composite number?
False
Let x = 1 + 7. Let h(p) be the second derivative of p**3/6 - p**2/2 - p. Is h(x) composite?
False
Suppose 0 = 2*w + 4*n - 3858, -2*w - 2*n - 3*n = -3854. Is w composite?
True
Let i = -1 + 38. Is i composite?
False
Let j be 4/(4/3) - -32. Let r = j + 18. Is r a composite number?
False
Suppose 0 = -15*o + 18*o - 402. Is o composite?
True
Let j(a) be the third derivative of -a**7/840 - a**6/360 + a**4/12 + a**3/3 - a**2. Let q(v) be the first derivative of j(v). Is q(-2) a prime number?
False
Suppose 0*n = -3*f + 2*n + 1571, 0 = 3*n - 15. Is f prime?
False
Suppose 0 = k + w + w + 4, 0 = 3*k - w - 16. Let a(v) = v**3 - 3*v**2 - 3. Is a(k) a composite number?
False
Suppose 3*f - 9 = -4*t, -f + 2*t - 16 = -3*t. Let s be 1/(-2)*(-5 + f). Suppose -4*m - 200 = -4*w, s*m = 7*m - 12. Is w a prime number?
True
Let q = 8 + -5. Suppose -q*s + 472 = 5*i, 0 = 4*i + s - 497 + 118. Is i a prime number?
False
Let j(k) = 5201*k**3 + 2*k**2 - 2. Is j(1) prime?
False
Let u(v) be the third derivative of 13*v**6/120 + v**5/30 + v**3/6 - 5*v**2. Is u(2) a prime number?
True
Let a(y) = 12*y**2 - 4*y - 3. Let l(o) = -o**2 - 5*o - 1. Let i be l(-3). Let w = 3 - i. Is a(w) a composite number?
False
Let x(w) = -w**3 - 14*w**2 + 11*w - 9. Is x(-15) a prime number?
False
Let y be 8/(-3)*(0 + 3). Is (-2)/y - 524/(-16) a prime number?
False
Let i be 8*18 - (3 - 6). Suppose a - i = 5*z - 10, -2*a = -4*z - 298. Is a prime?
True
Let w = 25 - 20. Suppose -w*a - 22 = -2*n, -a = -6*a + 20. Is n a composite number?
True
Let z(p) = -27*p + 1. Suppose -3*x - x - 32 = 0. Is z(x) prime?
False
Let h be ((-16)/12)/((-3)/18). Let r = h - 2. Is r prime?
False
Suppose -14 = -f - f. Let j(p) = p**2 + p + 3. Let b be j(f). Suppose -3*t = s - b, 2*t - 11 = t + 4*s. Is t prime?
True
Suppose 785 = -2*c + 7*c. Is c a prime number?
True
Is 408 - (10/5 - (2 - -1)) prime?
True
Let p = -2 - -2. Is (1 - -9) + (-1 - p) prime?
False
Let z = 13 - 8. Suppose -4*x + 143 = 4*c - z*x, -3*c + 114 = -3*x. Is c a prime number?
False
Is 4156/3 - 5/15 a prime number?
False
Let j(x) = -x**2 - 4*x + 7. Let v be j(-5). Suppose -v*q = -7*q. Suppose -3*l + 2*t + 349 = 0, q = -0*l + 3*l + 2*t - 329. Is l composite?
False
Suppose -3*q = -15, -3*k + q = 2*k - 2910. Is k prime?
False
Let g(u) = u**3 + 7*u**2 + u + 4. Is g(10) a composite number?
True
Let p = 1377 + -596. Is p a composite number?
True
Let n(t) be the third derivative of -7*t**5/60 - t**4/4 - 2*t**3/3 - t**2. Let y be n(-5). Let c = y + 216. Is c composite?
False
Let w = 0 + 2. Suppose -2*p - w - 48 = 0. Let u = p - -92. Is u prime?
True
Is (-8)/(-10) - 71839/(-95) a prime number?
True
Suppose 100 = -a + 14. Is a/(-4) + (-2)/(-4) prime?
False
Suppose -2*w - 3 = -5*w. Suppose -2*v - v = 6. Is (v - -16 - w)*1 a prime number?
True
Suppose 6 = l - 3. Suppose 0 = -4*g + 16, m + 2*m - l = -3*g. Is 474/9 - m/3 a prime number?
True
Let d = -1414 - -2555. Is d prime?
False
Let v(q) = 4*q - 3. Let b(k) = k + 3. Let l be b(-7). Let d = 10 + l. Is v(d) composite?
True
Suppose 639 + 466 = 5*v. Is v prime?
False
Suppose 17*u - 13*u = 24. Is u composite?
True
Let o = 95 - -28. Is o prime?
False
Let d be (-2)/(-4)*(13 + -3). Suppose -d*u + 145 = -190. Is u prime?
True
Suppose -6*k + k = 4*l + 2201, 3*k = -2*l - 1319. Let o = -310 - k. Is o a prime number?
True
Suppose 4*r - 2 = 2*i - 248, 0 = i + 3*r - 103. Is i a composite number?
True
Suppose 0 = 6*l + l - 20531. Is l a composite number?
True
Let r(n) = 20*n**3 - 3*n**2 + 2*n - 2. Let p = -12 + 15. Is r(p) a prime number?
False
Suppose -5*s + 8*s - 447 = 0. Is s prime?
True
Suppose 0 = -3*p - 3, 0 = u - 2*u + p. Is u + 1 + 1 - -57 composite?
True
Suppose u - 16 = -w - 2*w, 4*u - 8 = -4*w. Let b(l) = -6 - 7*l + 3 + l - w*l. Is b(-4) a composite number?
True
Let k = 29 + -18. Let g = k - -8. Is g a composite number?
False
Let o(d) = d**3 - 5*d**2 - 2*d + 9. Is o(6) a prime number?
False
Let w = 6 + -4. Is (5 - 3)/(w/10) a composite number?
True
Suppose -3*b = -b - 86. Let m be 1 - (-1 - (-1 - -77)). Suppose 4*k - 2*k = -2*s + m, k = -2*s + b. Is k prime?
False
Is (4 + 7/(-2))*86 a composite number?
False
Let f = 19 - 18. Let x(d) = 111*d**3 - d**2 + d. Is x(f) prime?
False
Let g(x) = -3*x**2 - x + 2. Let q be g(-2). Let f(v) be the third derivative of v**5/30 + 5*v**4/24 + v**3/6 - 3*v**2. Is f(q) a prime number?
True
Let w be (-10)/4*-4 - 1. Suppose 4*q - w = -2*u + 25, -4*u - 5*q + 71 = 0. Suppose -2*k = -25 - u. Is k a prime number?
False
Suppose -1209 = -3*m - 3*z + 387, -5*m - z = -2648. Is m prime?
False
Suppose 5*j - 47 = 4*j. Is j a prime number?
True
Let q = 119 + -85. Is q a prime number?
False
Let h = 383 - 172. Is h a composite number?
False
Suppose 0 = 3*v + 5*r - 472 - 169, 2 = -r. Is v composite?
True
Let h = -31 + 19. Is ((-63)/h)/(2/8) a composite number?
True
Is (-357)/(-2)*6/9 a composite number?
True
Suppose -1269 + 40490 = 7*m. Is m a prime number?
False
Suppose -4*f = -7*f + 345. Is f prime?
False
Let p be (0 + 92)/(-1 - -2). Suppose -18 = r - p. Is r a composite number?
True
Is 189/(-6)*-10 + 2/1 a composite number?
False
Let g(y) = 496*y**2 + y. Suppose 4*n = 5*n - 1. Is g(n) a prime number?
False
Suppose 5*s - 841 = y, 0 = -3*s + 2*y - 3*y + 511. Is s a composite number?
True
Suppose -2*s + 251 = -635. Is s prime?
True
Suppose -9*r + 8*r + 194 = 0. Is r composite?
True
Let h(k) be the third derivative of -k**8/6720 - k**7/504 + k**6/120 + 3*k**5/40 + k**4/8 - 2*k**2. Let c(i) be the second derivative of h(i). Is c(-7) prime?
False
Suppose -6*z + 18 = -18. Suppose -4*o + 13 = m + 3, 3*o + 4 = 5*m. Suppose 447 = -u + z*u - v, -4 = o*v. Is u a prime number?
True
Let v(f) = 42*f - 3. Let y be v(3). Let p = y - 68. Is p prime?
False
Suppose 0 = -4*z + 3*z + 5663. Is z composite?
True
Is (-31662)/(-22) - (48/66)/4 a composite number?
False
Let f(z) = 19*z. Let u be f(7). Is (-6 + 8)/(2/u) prime?
False
Let o = -1 + 48. Is o composite?
False
Suppose -s + 0*s = -168. Let l = s - 68. Let d = l - 45. Is d a composite number?
True
Suppose 18 + 52 = 5*y. Is y composite?
True
Let u(j) = 44*j**2 + j. Let m be (-1 + -1)